4*s + 4*s. Determine y(v).
1
Let n(i) = 11*i**2 + 1. Suppose -5*q + 12*u - 17*u = -45, -4*u = q - 21. Let l(h) = 9*h**2 + h. Let k(x) = q*l(x) - 4*n(x). What is k(-7)?
10
Let h(k) be the first derivative of k**2/2 - 3*k - 7. Let t be (484 - 449)*(-1)/5. Calculate h(t).
-10
Let q(r) = 22*r + 80. Let z = -12425 - -12422. What is q(z)?
14
Let r(x) = 4*x**3 + 11 + 13*x - 1 - 5*x**2 - 2*x**3. Let s(j) = j**3 - 6*j**2 + 12*j + 11. Let z(a) = -2*r(a) + 3*s(a). Let h = -886609 + 886600. Give z(h).
4
Let h(f) = f**2 - f - 7. Suppose 3*b - 4*x - 10 = 0, -3*b - 4*x = -44 + 18. Let i(v) = b*v + v**2 - 7*v + v**3 + 2*v + 5. Let d be i(0). Give h(d).
13
Let d be 2*-1*(-14)/(-4). Let q(t) = -12*t**2 + 21*t - 9. Suppose 28*l = 22*l - 24. Let n(b) = -7*b**2 + 11*b - 4. Let u(i) = l*q(i) + 7*n(i). Give u(d).
8
Let u(v) be the second derivative of -v**7/2520 - v**6/90 + 2*v**5/15 + v**4/6 + 2*v**3/3 + v + 29. Let n(x) be the third derivative of u(x). Calculate n(-11).
-17
Let x(q) = -q**2 - q + 4. Let n(g) = -g**3 + 12*g**2 + g - 7. Let y be n(12). Suppose -y*t + 2*t = -24. Let m = -5 + t. Give x(m).
-8
Suppose -5*y + 853 - 348 = 0. Suppose 108*t + 49 = y*t. Let h(l) = -l**3 - 6*l**2 + 4*l - 10. What is h(t)?
11
Let f(x) = 1862*x + 1858. Let s be f(-1). Let h(z) = -57*z - 234. Calculate h(s).
-6
Let c(g) = -32*g - 459. Let i(k) = -6*k - 89. Let a(s) = -2*c(s) + 11*i(s). Determine a(-26).
-9
Let r be (9/2)/(6/8). Let x be (5/(50/4))/(r/15). Let p(n) = -21*n**2 - n. Calculate p(x).
-22
Let v = 2 + 94. Let q = -79 + v. Suppose -3*i - y = -0*y - q, 0 = -i - y + 3. Let w(x) = -x**3 + 8*x**2 - 7*x + 5. Give w(i).
5
Let n(s) = -s + 75. Let x be n(25). Let v be (-16)/96 + x/12 + -6. Let h(w) = -w. Let t(j) = -2*j - 3. Let f(m) = -3*h(m) - t(m). Give f(v).
-7
Let m(l) = -3*l**3 + 3*l**2. Let q = -222 + 218. Let j = q - -6. Calculate m(j).
-12
Let p(t) = 0*t**3 - 9*t + 8 + 8*t**2 - 3*t**3 + 2*t**3. Let q = 58845 + -58839. Determine p(q).
26
Let s(f) = -f + 5 + 1 + 2. Let l(w) = 2*w + 42. Let q be l(12). Suppose -4*p - 7*p = -q. Give s(p).
2
Let q(i) = i**3 - 5*i**2 + 5*i - 7. Suppose 0*o - b = o - 249, -5*b + 269 = o. Let s = o + -239. Determine q(s).
18
Let t = -8852 - -8852. Let a(i) be the third derivative of -5*i**2 + t + 0*i + 1/60*i**5 + 1/6*i**4 - 1/3*i**3. Determine a(-4).
-2
Suppose -3*y - 5 = -32. Let j(f) = -19*f**3 - 19*f**2 + f - 2. Let g(o) = -4*o**3 - 2*o**2. Let k(v) = 5*g(v) - j(v). Determine k(y).
-7
Let b(p) = -p**3 - p**2 + 3. Let o(m) = -10 - m**3 + 0*m**3 - 3*m - 3*m**2 + 5*m + 6*m**2 - 2*m**3. Let l(d) = 3*b(d) + o(d). Determine l(1).
-5
Let v(l) = l**2 - 4772320 + 4772320 + l. Determine v(-5).
20
Let v = 3224 + -3222. Let x(i) = i**3 - i**2 - 21*i + 37. Determine x(v).
-1
Let n(j) be the first derivative of 0*j**2 - 4/3*j**3 - 132 + 0*j. Give n(-1).
-4
Suppose 3*t + 64 = -t - 3*o, 2*t = 2*o - 32. Let a be (3/(-4) - (-4)/t)/1. Let v(z) = -28*z**3 - z**2. Calculate v(a).
27
Let o(y) = 6*y**2 - 15 + 113*y + 2*y**2 - 2*y**2 - 7*y**2 - 114*y. What is o(10)?
-125
Let b(n) = 9*n - 178. Suppose -873 - 286 = -61*y. What is b(y)?
-7
Let x(r) be the first derivative of -7*r**3/3 - r**2 + r - 34. Let i(u) = -u**3 - u**2 + 2*u + 3. Let b be i(-1). Determine x(b).
-8
Let o(x) = -11 - 4 - 7*x**2 - 8*x + 14 + x. Let j be 4 + -3 + 2 - -2. Let w(n) = 11*n**2 + 11*n + 2. Let v(y) = j*w(y) + 8*o(y). Calculate v(3).
-10
Let g = 4 + 1. Suppose -34*v - 118 = 222. Let j be -1 + g/v*8. Let l(p) = p - 1. What is l(j)?
-6
Let i = 28 + -90. Let k = i + 64. Let g(t) = 3 + 3*t**k - 3*t - 6*t**3 + 4*t**3 + 4*t**3. Give g(2).
25
Let k = -11584 - -11577. Suppose -4*c + 1 = -3. Let o(v) = -v**2 - v - 1. Let g(i) = -4*i**2 + 2*i - 4. Let t(z) = c*g(z) - 5*o(z). Calculate t(k).
1
Let w = 17692 - 17684. Let k(j) = 12*j + j**3 - 8 - 3*j + 0 - j**2 - 8*j**2. Give k(w).
0
Let w(n) be the first derivative of n**3/3 - 15*n**2/2 + 33*n - 669. Calculate w(3).
-3
Let w(q) be the second derivative of -q**5/20 + 5*q**4/4 - 9*q**3/2 + 19*q**2/2 - 10*q + 2. Determine w(13).
6
Suppose 2*t - 60 = 4*d - 78, 2*d = -3*t - 3. Let z(q) = -15*q + 44. Calculate z(d).
-1
Let z(m) = 47 + 30 - 19 - 2*m - 4. What is z(26)?
2
Let a = -2 - 0. Let w be a/4 - (-30)/4. Let v(z) = -8*z - 40. Let y(h) = -5*h - 24. Let b(i) = 3*v(i) - 5*y(i). Give b(w).
7
Let f(j) = j**2 - 2*j - 4. Let o(s) = 3*s**2 - 13*s. Let a(w) = 4*f(w) - o(w). What is a(-7)?
-2
Let z(t) = -4*t - 6. Let u(j) = 5*j**2 - 18*j - 22. Let r be u(-1). Calculate z(r).
-10
Let a(x) = 5*x - 8. Let q(i) = -i**3 - 39*i**2 + 125*i - 36. Let r be q(-42). What is a(r)?
22
Let z(y) = y**2 - 6*y - 2. Suppose -8*l + 4960 = 3920. Let g = -164 - -288. Let j = l - g. What is z(j)?
-2
Let w(q) = -1 - 2 + 124*q - 240*q + 3 - q**2 + 119*q + 4. Let u = 1 - -2. Give w(u).
4
Let a(s) = -18*s. Let z(u) = -34*u - 12. Let p(i) = -6*a(i) + 3*z(i). Determine p(7).
6
Let t(h) be the second derivative of h**5/5 - h**3/6 - h**2/2 + 840*h. Determine t(2).
29
Suppose 6*r = -h + 7*r + 8, 12 = -2*r. Let x(u) = -7*u + 5. Let q(z) = -21*z + 14. Let j(m) = 5*q(m) - 14*x(m). Calculate j(h).
-14
Let j(n) = 2*n**3 + 3*n**2 - 1. Let o(s) = -s**3 - 10*s**2 - 28*s + 5. Let x be o(-6). Suppose 108 = i + 3*i. Let a = i - x. Calculate j(a).
-5
Suppose 4*x - 22 = -5*t + 18, -8 = -t + 3*x. Let z(i) = -24*i + 191. Calculate z(t).
-1
Let u(r) be the second derivative of -34 + 3*r - 1/3*r**3 - 2*r**2 + 1/6*r**4. What is u(3)?
8
Let i(q) = q**2 - 4*q + 3. Let r be i(3). Let j(a) = 3*a**2 - 2*a**2 + r*a**2 - 5. Let m = -106544 - -106544. Calculate j(m).
-5
Let l(k) be the third derivative of -k**6/120 - k**5/20 - 13*k**3/6 + 2305*k**2. What is l(-4)?
3
Let l be (-5)/(50/(-15)) - 194/(-4). Let m = -47 + l. Suppose -2*v = -5*j + 13, j + 19 = -2*v - m*v. Let i(w) = -w**3 - 4*w**2 + 2*w + 2. Give i(v).
-6
Suppose -p + 3*o = 3 + 3, 6 = -3*p + 5*o. Let i be (0/3)/(2*p/2). Suppose i = -0*g + 6*g + 36. Let s(k) = -k**3 - 7*k**2 - 5*k + 3. Determine s(g).
-3
Let f(z) = -45*z + 52. Let k(j) = 62*j - 70. Let l(p) = 11*f(p) + 8*k(p). Determine l(-6).
6
Let f(c) = -298*c + 1494. Let m be f(5). Let k(h) = -5*h. Let q be k(-2). Let z(u) = -3 + q*u - m*u - 3*u - 4*u. Calculate z(5).
-8
Let c(t) = t**3 + 22*t**2 + 96*t - 141. Let s be c(-15). Let o(m) = -m**2 - 14*m + 7. Determine o(s).
55
Let m(n) = n**2 - 11*n + 5. Let w be 4 - (29/(29/6) + -8). What is m(w)?
-25
Let h(w) = -3*w**2 + 5*w + 18. Let u(t) = -5*t**2 + t + 17. Let y(f) = -3*h(f) + 2*u(f). Give y(-6).
22
Let t be (-80)/(-6)*93/62. Let c be (t + -21)*2/(-2). Let w(d) = -6*d**3 + d - 2. Give w(c).
-7
Let h(g) = 3*g + 15. Let y = -117 + 119. Let o be (y/6)/(-2*(-1)/(-36)). What is h(o)?
-3
Let y = -164 + 179. Suppose y*b = -0*b + 15. Let n(p) = -p**3 + p**2 - 1. What is n(b)?
-1
Let a = 56 - 50. Let g(q) = -q - 4 + 18 + a. Let w = 10 - 10. Give g(w).
20
Let g(v) = 84 + 86313*v - 86274*v + 17 + 18*v**2 + v**3. Determine g(-16).
-11
Let o = -8421 - -8428. Let d(z) = -12*z + 71. What is d(o)?
-13
Let a be (-8)/10 + 11/(165/(-18)). Let j(d) be the second derivative of 1/4*d**4 - d**2 + 1/6*d**3 + 5*d + 1/20*d**5 + 0. Calculate j(a).
0
Let j be 2/(5/(28 + -3)). Suppose 2*m = -j + 10. Let f(n) = n**2 - n - 3. Determine f(m).
-3
Let a(q) be the first derivative of 2*q**3/3 - 19*q - 531. Determine a(0).
-19
Let m = -7 + 8. Let c be (4 - m)*(-5)/(-3). Let t(y) be the first derivative of y**3/3 - 3*y**2/2 - 7*y - 493. Determine t(c).
3
Suppose -5*i + 5*k + 17 = 7, 4*i - 2*k - 8 = 0. Let o(x) = 187 - x**3 - 11*x - 96 - 72 - x**2 + 10*x**i. Calculate o(8).
-5
Suppose 0 = -5417*t + 5413*t - 12. Let d(l) = 5*l**3 + 2*l**2 - 7*l - 2. Determine d(t).
-98
Let d(i) = -4*i**2 + 8*i + 74. Let s be d(15). Let n = s + 705. Let v(q) = q**2 + q. Calculate v(n).
0
Let s(t) = -31*t + 153. Let j(r) = 168*r - 764. Let m(c) = -3*j(c) - 16*s(c). Give m(-19).
-4
Let z(g) = 4*g - 20. Let k be z(5). Suppose k*v - 7*v = -14. Suppose -25 = v*f + 3*f. Let p(q) = -2*q + 2. Calculate p(f).
12
Let c(z) = -z**2 - 4*z - 6. Suppose n - 2*p = 18, 5*p = 5*n - 49 - 46. Let v = n + -4. Suppose -5*r + 2*u = v, r - 3*u + 0 = 2. Determine c(r).
-6
Let z be (-6)/(-39) - 152*(-5)/130. Let w(m) = m**2 - 4*m - 8. What is w(z)?
4
Let g(y) be the first derivative of 2*y**2 - 3*y**2 + 18 - 40 + y**3 + 5*y**2